mon factor of x and 45?
5
Let k be -2 - (-11 - 2) - 1. Let f be (1*k)/(24/132). Calculate the greatest common factor of f and 440.
55
Let n = -4269 - -4383. What is the greatest common factor of 11514 and n?
114
Let q(z) = -7*z - 22. Let r be q(-3). Let i be (6/(-4))/(r/106) - 4. What is the highest common factor of i and 93?
31
Let b be 8/(-7 + 4 + 4). Let n be (-1)/1 + 24/b. What is the highest common factor of 17 and n?
1
Let s = -6 + 10. Suppose -5*u = -3*p + 37, -3*u + 52 - 59 = 2*p. Suppose -8 = -2*i - g, -19*i = -18*i + g - p. What is the highest common divisor of s and i?
4
Suppose 21*n + 4586 = 8996. Calculate the highest common factor of n and 770.
70
Let r = 1827 - -1699. What is the highest common divisor of 164 and r?
82
Suppose -2*q - 4*h = -762, 2*q + 3*h = 6*q - 1535. Suppose 14*f + q - 2735 = 0. What is the greatest common factor of f and 42?
42
Let m = 10 + 23. Suppose -66 - 14 = -5*x. Suppose -m*h - x = -37*h. Calculate the greatest common factor of h and 4.
4
Suppose 3*t - 1135 = -r, 5*r - 5725 = -3*t - 2*t. What is the highest common divisor of 150 and r?
50
Let h be ((-1)/(-3))/((-4)/(-576)). Let u = 58 - h. What is the greatest common factor of 145 and u?
5
Let l be (4/(-10) - -1)*(1 + 9). Let o be 15/45 - (-550)/l. Calculate the highest common factor of o and 23.
23
Suppose -a + 26 = -5*m, -5*a - 3*m - 10 = -0*a. Let h be 20/35 - (828/(-21))/a. Let b = -29 + 34. What is the highest common divisor of h and b?
5
Let h(t) = 23*t**2 + 4*t + 9. Suppose -332*l = -322*l + 30. Let a be h(l). Calculate the greatest common factor of a and 84.
12
Let g(x) = 2813*x + 16288. Let j be g(7). Calculate the greatest common factor of j and 134.
67
Suppose -48 = -y - 2*y - 4*z, -3*z + 48 = 3*y. Let h(l) = l**3 - 3*l - 6. Let k be h(3). Calculate the highest common factor of k and y.
4
Let i(j) = 14*j**2 - 29*j - 2. Let n be i(3). Calculate the greatest common divisor of n and 1813.
37
Let v(w) = w + 33. Let i = 52 - 16. Suppose -28*t - i = -22*t. Let b be v(t). What is the highest common divisor of 216 and b?
27
Suppose -4*l = 42*g - 39*g + 7, 0 = -5*g + 3*l + 27. Suppose 2*b = b - o + 209, g*b - 627 = -2*o. Calculate the highest common divisor of 76 and b.
19
Let p be (3/(15/(-7)))/((-716)/6769780). Calculate the greatest common factor of 7 and p.
7
Let k be 792/110*50/12. Calculate the greatest common divisor of 2040 and k.
30
Suppose 47*f + 91*f - 21200 = -74*f. Calculate the greatest common factor of 12 and f.
4
Suppose 0 = -3*d - 22*d - 5350. Let x = 226 + d. What is the highest common factor of x and 204?
12
Suppose -4*s = -3*p + 1771, -p - 5*s + 773 - 189 = 0. Calculate the highest common divisor of 114 and p.
19
Suppose 166 - 98 = g. Suppose 28*i + 12 - g = 0. What is the highest common factor of i and 2?
2
Suppose -71*f = -67*f - 8, n - 3165 = -2*f. What is the highest common divisor of 327 and n?
109
Let q(v) be the first derivative of -7*v**2 - 24*v - 51. Let i be q(-9). Calculate the highest common factor of i and 6.
6
Suppose -5*k = -39*k + 5227 + 349. Calculate the greatest common divisor of 4 and k.
4
Let j(r) = -4*r**3 - 41*r**2 - 10*r + 45. Let l be j(-10). Calculate the greatest common divisor of l and 6723.
9
Let v(g) = 309*g**2 + 122*g + 465. Let a be v(-4). Calculate the greatest common divisor of 57 and a.
19
Suppose 24*u = -2*u + 41522. Suppose 2*d - 83*o - u = -88*o, 0 = d - 2*o - 785. Calculate the greatest common divisor of d and 7.
7
Let g(t) = 9*t - 47. Let f(w) = -8*w + 47. Let p(z) = -4*f(z) - 3*g(z). Let l be p(13). Let s be l/7 - (-15)/35. What is the greatest common divisor of 1 and s?
1
Let q = -9264 + 26858. What is the highest common factor of q and 38?
38
Suppose -46*i + 44*i + 74 = 0. Let k = 109 - i. What is the greatest common factor of k and 48?
24
Let w(g) = -g**2 - 9*g + 11. Let z(o) = o + 24. Let x be z(-31). Let q be w(x). Calculate the greatest common divisor of q and 725.
25
Let f(m) = -59*m - 274. Let p be f(-6). Let a = -184 + 106. Let z = p + a. What is the highest common factor of 8 and z?
2
Suppose 215*h - 36 = 211*h. What is the highest common divisor of h and 1089?
9
Suppose -5*o + 30 = 5*q, -q + 2*o = 5*o - 12. Let f be -5 + (-1)/q + 340/3. Calculate the greatest common divisor of 81 and f.
27
Let v be (-2 - 2/(-2))*-289. Let o = -152389 - -152406. Calculate the greatest common factor of o and v.
17
Let z = -110 - -110. Let g be (0 - (z + 1))/((-34)/816). What is the greatest common divisor of g and 156?
12
Suppose -46*x + 37*x = 5265. Let b = 631 + x. Calculate the highest common divisor of b and 598.
46
Let t(j) be the second derivative of -3*j**3 - 27*j**2/2 + 10*j - 2. Let q be t(-4). Calculate the highest common factor of q and 120.
15
Let w(u) = 10*u - 77. Let d be w(9). Let b be (-3*142)/(24/(-16)). Let t = b - 193. Calculate the highest common factor of t and d.
13
Suppose 5*v - 140 = -5*j, 5*v - 51 = j + 113. Suppose 0 = -v*m + 27*m + 1100. Calculate the highest common factor of 44 and m.
44
Let y be (6094/33)/(3/(-9)). Let c = y - -575. Calculate the highest common divisor of c and 273.
21
Let n = 1316 - 892. What is the greatest common factor of n and 1166?
106
Let w(f) be the first derivative of -f**4/4 - 2*f**3/3 - 4*f**2 + 5*f - 155. Let t be w(-3). Calculate the greatest common divisor of 475 and t.
19
Let s = -35 - -95. Let i = 96717 + -96387. Calculate the highest common divisor of i and s.
30
Let s(k) = -106*k - 2*k**2 + 105*k + k**3 - 7*k**2 + 19. Let m be s(9). Calculate the highest common factor of m and 15.
5
Let b(g) = -5*g**2 - 117*g - 435. Let l be b(-5). Let k(o) = 7*o**2 + 4*o - 1. Let w be k(2). What is the highest common factor of l and w?
5
Let i(w) = 52*w**2 + 3*w + 2. Let x be i(-2). Let z be ((-12)/15)/((-2)/300 - 0). Suppose z = 39*g - 29*g. Calculate the greatest common divisor of x and g.
12
Suppose -2*s = -43 - 1. Let j(c) = 21 + c**3 - 17*c**2 - 3*c**2 - 10*c**2 + 8*c**2 + 3*c. Let m be j(s). What is the greatest common divisor of 58 and m?
29
Suppose 8 = -2*k + 4*u, u - 9 = -2*k - k. Calculate the highest common divisor of k and 201.
1
Let b(i) = -2*i**2 + 40*i + 14964. Let z be b(0). What is the highest common divisor of 87 and z?
87
Suppose -5*z + 78621 = -2*x - 12391, -5*z - 4*x + 91006 = 0. What is the highest common factor of 38 and z?
38
Let a = -812 - -815. Suppose -3*o + 68 = -2*w - 0*w, 3*w = -a*o + 78. Calculate the greatest common factor of 33 and o.
3
Suppose -111*p + 3780 = -2547. Calculate the greatest common divisor of p and 589.
19
Let q be ((-10)/(-2) - -2)/1. Let x be 18/2*(q + -6). Let i be (-49)/(-6) + x/(-54). What is the greatest common divisor of 24 and i?
8
Suppose 4*x + 318*m - 322*m - 296 = 0, 5*x = -4*m + 406. Calculate the highest common factor of 507 and x.
39
Suppose -g = -4 - 11. Suppose 0 = b + 86 - 6. Let f = 85 + b. Calculate the greatest common factor of g and f.
5
Suppose -25*f = 4*h - 27*f - 40, 4*h + 3*f - 80 = 0. Let b be 3/(3 + -6) + 36. What is the highest common factor of b and h?
7
Let z(m) = 2*m**2 + m - 29. Let h be z(11). Suppose 98 = -7*p + h. What is the highest common divisor of 30 and p?
6
Let c(m) = -3 - 4 - 8*m + 4*m + 3*m**2. Let j be c(-5). Suppose -75*u = -538 - 287. Calculate the greatest common divisor of j and u.
11
Let l(x) = -2*x**2 + 2*x**2 - 8*x + 2 + 2*x**2. Suppose 9*c = -94 + 67. Let o be l(c). What is the greatest common factor of o and 22?
22
Let c(f) = 3*f**3 + 16*f**2 + 4*f - 1. Let s be c(-5). Suppose -4*w + 2*j + 223 = -1295, -2*w = s*j - 744. What is the greatest common factor of w and 14?
14
Let b(u) = 62*u - 41. Let p be b(-3). Let t = p + 252. What is the highest common divisor of 1 and t?
1
Let s = 138 + -137. Let z be 4/3*3*(s + 50). Calculate the greatest common factor of 12 and z.
12
Let o be (1/(-2)*5)/((-2)/(-4)). Let n be (1316/o)/(40/(-100)). What is the highest common divisor of n and 28?
14
Let c(y) = y**3 - 15*y**2 - 22*y + 16. Let r be c(17). Let s = r + -132. Let f be 0/(1 - 3) - -11. Calculate the greatest common factor of s and f.
11
Let b(r) = -60*r + 1341. Let h be b(21). Calculate the highest common factor of 9 and h.
9
Let l be 183/5 + (-12)/(-30) + 3. Let n be (-1)/6 + 221/(-6). Let f = n + l. What is the highest common divisor of 6 and f?
3
Let g 